{"id":843,"date":"2014-02-26T19:59:11","date_gmt":"2014-02-26T18:59:11","guid":{"rendered":"http:\/\/www.artdelvitrall.com\/?page_id=843"},"modified":"2024-06-24T18:58:26","modified_gmt":"2024-06-24T16:58:26","slug":"curs-somartifexs-coaching-i-vitralls","status":"publish","type":"page","link":"https:\/\/www.artdelvitrall.com\/es\/cursos\/curs-somartifexs-coaching-i-vitralls\/","title":{"rendered":"Curso SomArtifexs &#8211; Coaching y vidrieras"},"content":{"rendered":"<p><\/p>\n<div class=\"left-column  fs\">\n<p>Al confeccionar un vitral, se da un proceso creativo y artesanal, un proceso de transformaci\u00f3n de los diferentes materiales, a trav\u00e9s de nuestras manos, hasta la realizaci\u00f3n de la vidriera acabada, nuestra obra de arte.<\/p>\n<p>El Coaching tiene que ver tambi\u00e9n con este proceso creativo, artesanal y transformador, a partir de los propios recursos y la conexi\u00f3n con aquello que nos llena, para mejorar nuestro bienestar.<\/p>\n<p>As\u00ed pues, este curso va dirigido a todas aquellas personas que quieran incrementar su bienestar personal mientras aprenden una t\u00e9cnica milenaria como es el arte del vitral.<\/p>\n<p>En un ambiente acogedor y respetuoso, en grupos reducidos, se descubren o redescubren las habilidades, recursos y valores personales. Se aprenden a utilizar diferentes herramientas que pueden ser \u00fatiles para gestionar las emociones as\u00ed como para disfrutar m\u00e1s consencientemente de la vida.<\/p>\n<p>Cada persona realiza su recorrido personal acompa\u00f1ado de la Coach y del grupo, y a la vez, entrelazado con este proceso, se dise\u00f1a y realiza un peque\u00f1o vitral, aprendiendo a utilizar las herramientas, el corte del vidrio, el montaje y realizaci\u00f3n completa de la pieza.<\/p>\n<p>Un curso estimulante y lleno de descubrimientos<\/p>\n<h4>Impartido por<\/h4>\n<p>Dolors Guix\u00e0, Psic\u00f3loga, Coach Sist\u00e9mica y Vitralista<\/p>\n<h4>Lugar:<\/h4>\n<p>L\u2019Art del Vitrall<\/p>\n<h4>Duraci\u00f3n y horarios:<\/h4>\n<p>El curso consta de 21 horas repartides en 7 sesiones de 3 horas semanales los s\u00e1bados por la ma\u00f1ana de 10h a 13h.<\/p>\n<h4>Precio total del curs, por persona<\/h4>\n<p>A convenir. Las herramientas y los materiales van a cargo del taller.<\/p>\n<h4>Informaci\u00f3n y inscripciones<\/h4>\n<p><a title=\"Enviar correo\" href=\"mailto:dolorsguixa5@gmail.com?subject=Curso%20Coaching%20y%20vidrieras\" target=\"_blank\" rel=\"noopener\">dolorsguixa5@gmail.com<\/a><br \/>\nTel\u00e8fon: 618 05 43 95<\/p>\n<\/div>\n<p><\/p>","protected":false},"excerpt":{"rendered":"<p>Al confeccionar un vitral, se da un proceso creativo y artesanal, un proceso de transformaci\u00f3n de los diferentes materiales, a trav\u00e9s de nuestras manos, hasta la realizaci\u00f3n de la vidriera acabada, nuestra obra de arte. El Coaching tiene que ver tambi\u00e9n con este proceso creativo, artesanal y transformador, a partir de los propios recursos y [&hellip;]<\/p>\n","protected":false},"author":1,"featured_media":0,"parent":23,"menu_order":0,"comment_status":"closed","ping_status":"open","template":"","meta":{"footnotes":""},"class_list":["post-843","page","type-page","status-publish","hentry"],"amp_enabled":true,"_links":{"self":[{"href":"https:\/\/www.artdelvitrall.com\/es\/wp-json\/wp\/v2\/pages\/843","targetHints":{"allow":["GET"]}}],"collection":[{"href":"https:\/\/www.artdelvitrall.com\/es\/wp-json\/wp\/v2\/pages"}],"about":[{"href":"https:\/\/www.artdelvitrall.com\/es\/wp-json\/wp\/v2\/types\/page"}],"author":[{"embeddable":true,"href":"https:\/\/www.artdelvitrall.com\/es\/wp-json\/wp\/v2\/users\/1"}],"replies":[{"embeddable":true,"href":"https:\/\/www.artdelvitrall.com\/es\/wp-json\/wp\/v2\/comments?post=843"}],"version-history":[{"count":6,"href":"https:\/\/www.artdelvitrall.com\/es\/wp-json\/wp\/v2\/pages\/843\/revisions"}],"predecessor-version":[{"id":1406,"href":"https:\/\/www.artdelvitrall.com\/es\/wp-json\/wp\/v2\/pages\/843\/revisions\/1406"}],"up":[{"embeddable":true,"href":"https:\/\/www.artdelvitrall.com\/es\/wp-json\/wp\/v2\/pages\/23"}],"wp:attachment":[{"href":"https:\/\/www.artdelvitrall.com\/es\/wp-json\/wp\/v2\/media?parent=843"}],"curies":[{"name":"wp","href":"https:\/\/api.w.org\/{rel}","templated":true}]}}

<p></p>
<div class="left-column  fs">
<p>Al confeccionar un vitral, se da un proceso creativo y artesanal, un proceso de transformación de los diferentes materiales, a través de nuestras manos, hasta la realización de la vidriera acabada, nuestra obra de arte.</p>
<p>El Coaching tiene que ver también con este proceso creativo, artesanal y transformador, a partir de los propios recursos y la conexión con aquello que nos llena, para mejorar nuestro bienestar.</p>
<p>Así pues, este curso va dirigido a todas aquellas personas que quieran incrementar su bienestar personal mientras aprenden una técnica milenaria como es el arte del vitral.</p>
<p>En un ambiente acogedor y respetuoso, en grupos reducidos, se descubren o redescubren las habilidades, recursos y valores personales. Se aprenden a utilizar diferentes herramientas que pueden ser útiles para gestionar las emociones así como para disfrutar más consencientemente de la vida.</p>
<p>Cada persona realiza su recorrido personal acompañado de la Coach y del grupo, y a la vez, entrelazado con este proceso, se diseña y realiza un pequeño vitral, aprendiendo a utilizar las herramientas, el corte del vidrio, el montaje y realización completa de la pieza.</p>
<p>Un curso estimulante y lleno de descubrimientos</p>
<h4>Impartido por</h4>
<p>Dolors Guixà, Psicóloga, Coach Sistémica y Vitralista</p>
<h4>Lugar:</h4>
<p>L’Art del Vitrall</p>
<h4>Duración y horarios:</h4>
<p>El curso consta de 21 horas repartides en 7 sesiones de 3 horas semanales los sábados por la mañana de 10h a 13h.</p>
<h4>Precio total del curs, por persona</h4>
<p>A convenir. Las herramientas y los materiales van a cargo del taller.</p>
<h4>Información y inscripciones</h4>
<p><a title="Enviar correo" href="mailto:dolorsguixa5@gmail.com?subject=Curso%20Coaching%20y%20vidrieras" target="_blank" rel="noopener">dolorsguixa5@gmail.com</a><br />
Telèfon: 618 05 43 95</p>
</div>
<p></p>

<p>Al confeccionar un vitral, se da un proceso creativo y artesanal, un proceso de transformación de los diferentes materiales, a través de nuestras manos, hasta la realización de la vidriera acabada, nuestra obra de arte. El Coaching tiene que ver también con este proceso creativo, artesanal y transformador, a partir de los propios recursos y [&hellip;]</p>
