{"id":774,"date":"2014-02-12T19:30:14","date_gmt":"2014-02-12T18:30:14","guid":{"rendered":"http:\/\/www.artdelvitrall.com\/?page_id=774"},"modified":"2014-03-05T10:39:51","modified_gmt":"2014-03-05T09:39:51","slug":"curs-itinerant-de-confeccio-de-vitralls","status":"publish","type":"page","link":"https:\/\/www.artdelvitrall.com\/es\/cursos\/curs-itinerant-de-confeccio-de-vitralls\/","title":{"rendered":"Curso itinerante de confecci\u00f3n de vidrieras"},"content":{"rendered":"<p><\/p>\n<div class=\"left-column  fs\">\n<h4>Impartido por:<\/h4>\n<p>Joan Serra Renom, Maestro Vidriero<\/p>\n<h4>Descripci\u00f3n<\/h4>\n<p>Ofrecemos la posibilidad de impartir el curso de vidrieras fuera del taller.<br \/>Dirigido a grupos, centros c\u00edvicos, museos, asociaciones culturales, escuelas de artes y oficios,&#8230;<\/p>\n<p>Consta de las siguientes fases:<\/p>\n<ul>\n<li>Proyecto-dise\u00f1o<\/li>\n<li>Desarrollo y patronaje<\/li>\n<li>Corte del vidrio<\/li>\n<li>Emplomado y soldado<\/li>\n<li>Enmasillado y pulido<\/li>\n<\/ul>\n<p>Se trata de un curso eminentemente pr\u00e1ctico. No obstante, a lo largo del proceso de aprendizaje, se ir\u00e1n introduciendo diferentes aspectos te\u00f3ricos sobre los materiales utilizados y sobre la historia y los or\u00edgenes del arte del vitral. <\/p>\n<h4>Duraci\u00f3n y horarios<\/h4>\n<p>A convenir<\/p>\n<h4>Idiomas<\/h4>\n<p>Catalan y castellano<\/p>\n<h4>Precio por persona<\/h4>\n<p>A convenir<br \/>Herramientas y materiales a cargo del taller.<\/p>\n<h4>Informaci\u00f3n y inscripciones<\/h4>\n<p><a href=\"mailto:info@artdelvitrall.com?subject=Curso%20Itinerante\" target=\"_blank\" title=\"Enviar correo\">info@artdelvitrall.com<\/a><br \/>Tel\u00e9fonos: 93 725 61 50 \/ 608 83 51 49<\/p>\n<\/div>\n<p><\/p>","protected":false},"excerpt":{"rendered":"<p>Impartido por: Joan Serra Renom, Maestro Vidriero Descripci\u00f3n Ofrecemos la posibilidad de impartir el curso de vidrieras fuera del taller.Dirigido a grupos, centros c\u00edvicos, museos, asociaciones culturales, escuelas de artes y oficios,&#8230; Consta de las siguientes fases: Proyecto-dise\u00f1o Desarrollo y patronaje Corte del vidrio Emplomado y soldado Enmasillado y pulido Se trata de un curso [&hellip;]<\/p>\n","protected":false},"author":1,"featured_media":0,"parent":23,"menu_order":0,"comment_status":"closed","ping_status":"open","template":"","meta":{"footnotes":""},"class_list":["post-774","page","type-page","status-publish","hentry"],"amp_enabled":true,"_links":{"self":[{"href":"https:\/\/www.artdelvitrall.com\/es\/wp-json\/wp\/v2\/pages\/774","targetHints":{"allow":["GET"]}}],"collection":[{"href":"https:\/\/www.artdelvitrall.com\/es\/wp-json\/wp\/v2\/pages"}],"about":[{"href":"https:\/\/www.artdelvitrall.com\/es\/wp-json\/wp\/v2\/types\/page"}],"author":[{"embeddable":true,"href":"https:\/\/www.artdelvitrall.com\/es\/wp-json\/wp\/v2\/users\/1"}],"replies":[{"embeddable":true,"href":"https:\/\/www.artdelvitrall.com\/es\/wp-json\/wp\/v2\/comments?post=774"}],"version-history":[{"count":5,"href":"https:\/\/www.artdelvitrall.com\/es\/wp-json\/wp\/v2\/pages\/774\/revisions"}],"predecessor-version":[{"id":858,"href":"https:\/\/www.artdelvitrall.com\/es\/wp-json\/wp\/v2\/pages\/774\/revisions\/858"}],"up":[{"embeddable":true,"href":"https:\/\/www.artdelvitrall.com\/es\/wp-json\/wp\/v2\/pages\/23"}],"wp:attachment":[{"href":"https:\/\/www.artdelvitrall.com\/es\/wp-json\/wp\/v2\/media?parent=774"}],"curies":[{"name":"wp","href":"https:\/\/api.w.org\/{rel}","templated":true}]}}

Curso itinerante de confección de vidrieras

<p></p>
<div class="left-column  fs">
<h4>Impartido por:</h4>
<p>Joan Serra Renom, Maestro Vidriero</p>
<h4>Descripción</h4>
<p>Ofrecemos la posibilidad de impartir el curso de vidrieras fuera del taller.<br />Dirigido a grupos, centros cívicos, museos, asociaciones culturales, escuelas de artes y oficios,&#8230;</p>
<p>Consta de las siguientes fases:</p>
<ul>
<li>Proyecto-diseño</li>
<li>Desarrollo y patronaje</li>
<li>Corte del vidrio</li>
<li>Emplomado y soldado</li>
<li>Enmasillado y pulido</li>
</ul>
<p>Se trata de un curso eminentemente práctico. No obstante, a lo largo del proceso de aprendizaje, se irán introduciendo diferentes aspectos teóricos sobre los materiales utilizados y sobre la historia y los orígenes del arte del vitral. </p>
<h4>Duración y horarios</h4>
<p>A convenir</p>
<h4>Idiomas</h4>
<p>Catalan y castellano</p>
<h4>Precio por persona</h4>
<p>A convenir<br />Herramientas y materiales a cargo del taller.</p>
<h4>Información y inscripciones</h4>
<p><a href="mailto:info@artdelvitrall.com?subject=Curso%20Itinerante" target="_blank" title="Enviar correo">info@artdelvitrall.com</a><br />Teléfonos: 93 725 61 50 / 608 83 51 49</p>
</div>
<p></p>

<p>Impartido por: Joan Serra Renom, Maestro Vidriero Descripción Ofrecemos la posibilidad de impartir el curso de vidrieras fuera del taller.Dirigido a grupos, centros cívicos, museos, asociaciones culturales, escuelas de artes y oficios,&#8230; Consta de las siguientes fases: Proyecto-diseño Desarrollo y patronaje Corte del vidrio Emplomado y soldado Enmasillado y pulido Se trata de un curso [&hellip;]</p>
