{"id":736,"date":"2014-02-06T15:03:13","date_gmt":"2014-02-06T14:03:13","guid":{"rendered":"http:\/\/www.artdelvitrall.com\/?page_id=736"},"modified":"2014-04-16T19:56:21","modified_gmt":"2014-04-16T17:56:21","slug":"curs-personalitzat","status":"publish","type":"page","link":"https:\/\/www.artdelvitrall.com\/es\/cursos\/curs-personalitzat\/","title":{"rendered":"Curso personalizado"},"content":{"rendered":"<p><\/p>\n<div class=\"left-column  fs\">\n<h4>Impartido por:<\/h4>\n<p>Joan Serra Renom, Maestro Vidriero<\/p>\n<h4>Descripci\u00f3n<\/h4>\n<p>Si quieres aprender a hacer vidrieras o ya conoces la t\u00e9cnica y quieres profundizar en aspectos m\u00e1s espec\u00edficos.<br \/>Si los horarios de los otros cursos no te van bi\u00e9n o quieres tener al profesor exclusivamente para t\u00ed<br \/><strong>Te ofrecemos los cursos personalizados<\/strong><br \/>Los cursos personalizados se concretan a medida con cada alumno para ajustarse a sus necesidades.<\/p>\n<h4>Duraci\u00f3n y horarios<\/h4>\n<p>A convenir<\/p>\n<h4>Tipo de p\u00fablico recomendado<\/h4>\n<p>Adultos a partir de 18 a\u00f1os que est\u00e9n interesados en aprender esta t\u00e9cnica milenaria en un aut\u00e9ntico taller de vidrieras y que quieran disfrutar del trabajo artesanal y art\u00edstico.<\/p>\n<h4>Idiomas<\/h4>\n<p>Catalan y castellano<\/p>\n<h4>Precio por persona<\/h4>\n<p>A convenir seg\u00fan las caracter\u00edsticas del curso.<br \/>Herramientas y materiales a cargo del taller. <\/p>\n<h4>Informaci\u00f3n y inscripciones<\/h4>\n<p><a href=\"mailto:info@artdelvitrall.com?subject=Curso%20Art%20del%20Vitrall%20Personalizado\" target=\"_blank\" title=\"Enviar correo\">info@artdelvitrall.com<\/a><br \/>Tel\u00e9fonos: 93 725 61 50 \/ 608 83 51 49<\/p>\n<\/div>\n<p><\/p>","protected":false},"excerpt":{"rendered":"<p>Impartido por: Joan Serra Renom, Maestro Vidriero Descripci\u00f3n Si quieres aprender a hacer vidrieras o ya conoces la t\u00e9cnica y quieres profundizar en aspectos m\u00e1s espec\u00edficos.Si los horarios de los otros cursos no te van bi\u00e9n o quieres tener al profesor exclusivamente para t\u00edTe ofrecemos los cursos personalizadosLos cursos personalizados se concretan a medida con [&hellip;]<\/p>\n","protected":false},"author":1,"featured_media":0,"parent":23,"menu_order":0,"comment_status":"closed","ping_status":"closed","template":"","meta":{"footnotes":""},"class_list":["post-736","page","type-page","status-publish","hentry"],"amp_enabled":true,"_links":{"self":[{"href":"https:\/\/www.artdelvitrall.com\/es\/wp-json\/wp\/v2\/pages\/736","targetHints":{"allow":["GET"]}}],"collection":[{"href":"https:\/\/www.artdelvitrall.com\/es\/wp-json\/wp\/v2\/pages"}],"about":[{"href":"https:\/\/www.artdelvitrall.com\/es\/wp-json\/wp\/v2\/types\/page"}],"author":[{"embeddable":true,"href":"https:\/\/www.artdelvitrall.com\/es\/wp-json\/wp\/v2\/users\/1"}],"replies":[{"embeddable":true,"href":"https:\/\/www.artdelvitrall.com\/es\/wp-json\/wp\/v2\/comments?post=736"}],"version-history":[{"count":5,"href":"https:\/\/www.artdelvitrall.com\/es\/wp-json\/wp\/v2\/pages\/736\/revisions"}],"predecessor-version":[{"id":902,"href":"https:\/\/www.artdelvitrall.com\/es\/wp-json\/wp\/v2\/pages\/736\/revisions\/902"}],"up":[{"embeddable":true,"href":"https:\/\/www.artdelvitrall.com\/es\/wp-json\/wp\/v2\/pages\/23"}],"wp:attachment":[{"href":"https:\/\/www.artdelvitrall.com\/es\/wp-json\/wp\/v2\/media?parent=736"}],"curies":[{"name":"wp","href":"https:\/\/api.w.org\/{rel}","templated":true}]}}

<p></p>
<div class="left-column  fs">
<h4>Impartido por:</h4>
<p>Joan Serra Renom, Maestro Vidriero</p>
<h4>Descripción</h4>
<p>Si quieres aprender a hacer vidrieras o ya conoces la técnica y quieres profundizar en aspectos más específicos.<br />Si los horarios de los otros cursos no te van bién o quieres tener al profesor exclusivamente para tí<br /><strong>Te ofrecemos los cursos personalizados</strong><br />Los cursos personalizados se concretan a medida con cada alumno para ajustarse a sus necesidades.</p>
<h4>Duración y horarios</h4>
<p>A convenir</p>
<h4>Tipo de público recomendado</h4>
<p>Adultos a partir de 18 años que estén interesados en aprender esta técnica milenaria en un auténtico taller de vidrieras y que quieran disfrutar del trabajo artesanal y artístico.</p>
<h4>Idiomas</h4>
<p>Catalan y castellano</p>
<h4>Precio por persona</h4>
<p>A convenir según las características del curso.<br />Herramientas y materiales a cargo del taller. </p>
<h4>Información y inscripciones</h4>
<p><a href="mailto:info@artdelvitrall.com?subject=Curso%20Art%20del%20Vitrall%20Personalizado" target="_blank" title="Enviar correo">info@artdelvitrall.com</a><br />Teléfonos: 93 725 61 50 / 608 83 51 49</p>
</div>
<p></p>

<p>Impartido por: Joan Serra Renom, Maestro Vidriero Descripción Si quieres aprender a hacer vidrieras o ya conoces la técnica y quieres profundizar en aspectos más específicos.Si los horarios de los otros cursos no te van bién o quieres tener al profesor exclusivamente para tíTe ofrecemos los cursos personalizadosLos cursos personalizados se concretan a medida con [&hellip;]</p>
